{"id":77,"date":"2015-05-01T10:34:21","date_gmt":"2015-05-01T09:34:21","guid":{"rendered":"http:\/\/vestibulus.com\/?page_id=77"},"modified":"2016-05-20T17:06:23","modified_gmt":"2016-05-20T16:06:23","slug":"notrehistoire","status":"publish","type":"page","link":"http:\/\/www.vestibulus.com\/?page_id=77","title":{"rendered":"Notre histoire ?"},"content":{"rendered":"\t<div class=\"vc_row row\"  >\n\t<div class=\"vc_col-sm-6 wpb_column vc_column_container \">\n\t\t<div class=\"wpb_wrapper\">\n\t\t\t\n\t<div class=\"wpb_single_image wpb_content_element vc_align_left\">\n\t\t<div class=\"wpb_wrapper\">\n\t\t\t\n\t\t\t<div class=\"vc_single_image-wrapper   vc_box_border_grey\"><img class=\"vc_single_image-img \" src=\"http:\/\/www.vestibulus.com\/wp-content\/uploads\/2015\/05\/laure-kaluza-oculus-dk2-fil.jpg\" width=\"555\" height=\"680\" alt=\"laure kaluza avec l&#039;oculus dk2 et le fil\" title=\"laure kaluza oculus dk2 fil\" \/><\/div>\n\t\t<\/div> \n\t<\/div> \n\t<div class=\"wpb_single_image wpb_content_element vc_align_left\">\n\t\t<div class=\"wpb_wrapper\">\n\t\t\t\n\t\t\t<div class=\"vc_single_image-wrapper   vc_box_border_grey\"><img class=\"vc_single_image-img \" src=\"http:\/\/www.vestibulus.com\/wp-content\/uploads\/2015\/05\/laure-et-axel-avec-2-oculus-dk2.jpg\" width=\"555\" height=\"369\" alt=\"laure et axel tenant 2 oculus dk2\" title=\"laure et axel avec 2 oculus dk2\" \/><\/div>\n\t\t<\/div> \n\t<\/div> \n\t\t<\/div> \n\t<\/div> \n\n\t<div class=\"vc_col-sm-6 wpb_column vc_column_container \">\n\t\t<div class=\"wpb_wrapper\">\n\t\t\t\n\t<div class=\"wpb_text_column wpb_content_element \">\n\t\t<div class=\"wpb_wrapper\">\n\t\t\t<h1>D\u00c9COUVREZ NOTRE HISTOIRE<\/h1>\n<p><span style=\"font-weight: 400;\">Je suis kin\u00e9 sp\u00e9cialis\u00e9e en r\u00e9\u00e9ducation vestibulaire depuis 2011. Pour s\u2019investir dans cette discipline, il est n\u00e9cessaire d\u2019acheter du mat\u00e9riel pas toujours simple \u00e0 installer dans son cabinet.<\/span><\/p>\n<p><span style=\"font-weight: 400;\">Pour ma part, j\u2019\u00e9tais notamment tr\u00e8s emb\u00eat\u00e9e pour la boule d\u2019optocin\u00e9tique. Je ne voyais pas comment je pouvais la disposer en respectant les principes de salle noire et de moindre rep\u00e8re visuel. Par ailleurs, cet outil co\u00fbte cher et demande de l\u2019espace. Il faut se porter peine pour installer la boule \u00e0 un endroit de fixation accessible o\u00f9 le rendu du flux visuel donnera quelque chose\u2026 Bref, il ne faut pas manquer de motivation pour s\u2019\u00e9quiper d\u2019une boule d\u2019optocin\u00e9tique.<\/span><\/p>\n<p><span style=\"font-weight: 400;\">J&rsquo;ai travaill\u00e9 avec un ami dans l&rsquo;informatique sur une nouvelle solution utilisant la r\u00e9alit\u00e9 virtuelle pendant de nombreux mois. Puis il nous est venu l\u2019id\u00e9e de poursuivre l\u2019exp\u00e9rience de la r\u00e9alit\u00e9 virtuelle pour d&rsquo;autres logiciels. Quel confort de disposer de plusieurs outils d\u2019exploration et de r\u00e9\u00e9ducation vestibulaire de bonne qualit\u00e9 avec un gain de place \u00e9norme, une gestion centralis\u00e9e des donn\u00e9es pour les s\u00e9ances et un co\u00fbt significativement r\u00e9duit.<\/span><\/p>\n<p><span style=\"font-weight: 400;\">Notre vision est dans ce sens d\u2019optimiser r\u00e9guli\u00e8rement nos produits. De notre c\u00f4t\u00e9, nous prenons soin de revoir ce qui ne va pas et ce qui pourrait \u00eatre am\u00e9lior\u00e9. Mais, concr\u00e8tement, il est pr\u00e9f\u00e9rable de recueillir les id\u00e9es, remarques et critiques de chacun \u00e0 cet effet. Et d&rsquo;am\u00e9liorer en cons\u00e9quence et par priorit\u00e9.<\/span><\/p>\n<p><span style=\"font-weight: 400;\">Mais l\u2019application de la r\u00e9alit\u00e9 virtuelle au domaine des vertiges et troubles de l\u2019\u00e9quilibre ne s\u2019arr\u00eate pas l\u00e0. Nous projetons d\u2019autres logiciels de simulation qui sortiront prochainement. \u00c0 suivre!<\/span><\/p>\n\n\t\t<\/div> \n\t<\/div> \n\t\t<\/div> \n\t<\/div> \n<\/div><div class=\"vc_row-full-width\"><\/div>\n","protected":false},"excerpt":{"rendered":"D\u00c9COUVREZ NOTRE HISTOIRE Je suis kin\u00e9 sp\u00e9cialis\u00e9e en r\u00e9\u00e9ducation vestibulaire depuis 2011. Pour s\u2019investir dans cette discipline, il est n\u00e9cessaire d\u2019acheter du mat\u00e9riel pas toujours simple \u00e0 installer dans son cabinet. Pour ma part, j\u2019\u00e9tais notamment tr\u00e8s emb\u00eat\u00e9e pour la boule d\u2019optocin\u00e9tique. Je ne voyais pas comment je pouvais la disposer en respectant les principes de salle noire et de moindre rep\u00e8re visuel. Par ailleurs, cet outil co\u00fbte cher et demande de l\u2019espace. Il faut se porter peine pour installer&hellip;","protected":false},"author":9,"featured_media":0,"parent":0,"menu_order":0,"comment_status":"open","ping_status":"open","template":"","meta":[],"_links":{"self":[{"href":"http:\/\/www.vestibulus.com\/index.php?rest_route=\/wp\/v2\/pages\/77"}],"collection":[{"href":"http:\/\/www.vestibulus.com\/index.php?rest_route=\/wp\/v2\/pages"}],"about":[{"href":"http:\/\/www.vestibulus.com\/index.php?rest_route=\/wp\/v2\/types\/page"}],"author":[{"embeddable":true,"href":"http:\/\/www.vestibulus.com\/index.php?rest_route=\/wp\/v2\/users\/9"}],"replies":[{"embeddable":true,"href":"http:\/\/www.vestibulus.com\/index.php?rest_route=%2Fwp%2Fv2%2Fcomments&post=77"}],"version-history":[{"count":22,"href":"http:\/\/www.vestibulus.com\/index.php?rest_route=\/wp\/v2\/pages\/77\/revisions"}],"predecessor-version":[{"id":1009,"href":"http:\/\/www.vestibulus.com\/index.php?rest_route=\/wp\/v2\/pages\/77\/revisions\/1009"}],"wp:attachment":[{"href":"http:\/\/www.vestibulus.com\/index.php?rest_route=%2Fwp%2Fv2%2Fmedia&parent=77"}],"curies":[{"name":"wp","href":"https:\/\/api.w.org\/{rel}","templated":true}]}}

<div class="vc_row row"  >
	<div class="vc_col-sm-6 wpb_column vc_column_container ">
		<div class="wpb_wrapper">
			
	<div class="wpb_single_image wpb_content_element vc_align_left">
		<div class="wpb_wrapper">
			
			<div class="vc_single_image-wrapper   vc_box_border_grey"><img class="vc_single_image-img " src="http://www.vestibulus.com/wp-content/uploads/2015/05/laure-kaluza-oculus-dk2-fil.jpg" width="555" height="680" alt="laure kaluza avec l&#039;oculus dk2 et le fil" title="laure kaluza oculus dk2 fil" /></div>
		</div> 
	</div> 
	<div class="wpb_single_image wpb_content_element vc_align_left">
		<div class="wpb_wrapper">
			
			<div class="vc_single_image-wrapper   vc_box_border_grey"><img class="vc_single_image-img " src="http://www.vestibulus.com/wp-content/uploads/2015/05/laure-et-axel-avec-2-oculus-dk2.jpg" width="555" height="369" alt="laure et axel tenant 2 oculus dk2" title="laure et axel avec 2 oculus dk2" /></div>
		</div> 
	</div> 
		</div> 
	</div> 

	<div class="vc_col-sm-6 wpb_column vc_column_container ">
		<div class="wpb_wrapper">
			
	<div class="wpb_text_column wpb_content_element ">
		<div class="wpb_wrapper">
			<h1>DÉCOUVREZ NOTRE HISTOIRE</h1>
<p><span style="font-weight: 400;">Je suis kiné spécialisée en rééducation vestibulaire depuis 2011. Pour s’investir dans cette discipline, il est nécessaire d’acheter du matériel pas toujours simple à installer dans son cabinet.</span></p>
<p><span style="font-weight: 400;">Pour ma part, j’étais notamment très embêtée pour la boule d’optocinétique. Je ne voyais pas comment je pouvais la disposer en respectant les principes de salle noire et de moindre repère visuel. Par ailleurs, cet outil coûte cher et demande de l’espace. Il faut se porter peine pour installer la boule à un endroit de fixation accessible où le rendu du flux visuel donnera quelque chose… Bref, il ne faut pas manquer de motivation pour s’équiper d’une boule d’optocinétique.</span></p>
<p><span style="font-weight: 400;">J&rsquo;ai travaillé avec un ami dans l&rsquo;informatique sur une nouvelle solution utilisant la réalité virtuelle pendant de nombreux mois. Puis il nous est venu l’idée de poursuivre l’expérience de la réalité virtuelle pour d&rsquo;autres logiciels. Quel confort de disposer de plusieurs outils d’exploration et de rééducation vestibulaire de bonne qualité avec un gain de place énorme, une gestion centralisée des données pour les séances et un coût significativement réduit.</span></p>
<p><span style="font-weight: 400;">Notre vision est dans ce sens d’optimiser régulièrement nos produits. De notre côté, nous prenons soin de revoir ce qui ne va pas et ce qui pourrait être amélioré. Mais, concrètement, il est préférable de recueillir les idées, remarques et critiques de chacun à cet effet. Et d&rsquo;améliorer en conséquence et par priorité.</span></p>
<p><span style="font-weight: 400;">Mais l’application de la réalité virtuelle au domaine des vertiges et troubles de l’équilibre ne s’arrête pas là. Nous projetons d’autres logiciels de simulation qui sortiront prochainement. À suivre!</span></p>

		</div> 
	</div> 
		</div> 
	</div> 
</div><div class="vc_row-full-width"></div>

DÉCOUVREZ NOTRE HISTOIRE Je suis kiné spécialisée en rééducation vestibulaire depuis 2011. Pour s’investir dans cette discipline, il est nécessaire d’acheter du matériel pas toujours simple à installer dans son cabinet. Pour ma part, j’étais notamment très embêtée pour la boule d’optocinétique. Je ne voyais pas comment je pouvais la disposer en respectant les principes de salle noire et de moindre repère visuel. Par ailleurs, cet outil coûte cher et demande de l’espace. Il faut se porter peine pour installer&hellip;
